6f
In base 4, what is -203331302 - -230320?
-203100322
In base 5, what is 13012223442 - -1?
13012223443
In base 16, what is -16624 + -1867?
-17e8b
In base 13, what is ba04 + -aa8?
ac29
In base 11, what is -15296 + -73?
-15359
In base 10, what is -14 + 1224637?
1224623
In base 7, what is -1511432 + -41?
-1511503
In base 6, what is 233113051 + -25?
233113022
In base 9, what is -48187 + -2143?
-51341
In base 11, what is -4 - 5a1328a?
-5a13293
In base 7, what is 12 - 11463022?
-11463010
In base 4, what is 10211202 - -32311?
10310113
In base 13, what is -5 - 451bc4?
-451bc9
In base 9, what is -1775670 - 4?
-1775674
In base 7, what is 4 + 3612005000?
3612005004
In base 12, what is -5 - -a8b9?
a8b4
In base 4, what is -222110 - 13131102?
-20013212
In base 13, what is 26 - 3209c?
-32076
In base 6, what is 10513151 - -33?
10513224
In base 13, what is -5463c8 - -2?
-5463c6
In base 14, what is 2bc6 + 17cb?
45b3
In base 6, what is -3412511 + -24034?
-3440545
In base 13, what is -3b - -36a63c?
36a601
In base 8, what is 2 + 33436056?
33436060
In base 11, what is -872a266 - -5?
-872a261
In base 9, what is -1547832 - -188?
-1547633
In base 5, what is 13 - -33224122?
33224140
In base 3, what is 10202010120202 + 122?
10202010121101
In base 14, what is -3 + 45a6bc0?
45a6bbb
In base 3, what is -2220212101 - 10121021?
-10001110122
In base 4, what is 2210 - 1132100222?
-1132032012
In base 11, what is 24a84179 - -12?
24a84190
In base 6, what is 20534 - -22033?
43011
In base 3, what is 1022 - 10021121001222222?
-10021121001221200
In base 6, what is -203223 - 13300?
-220523
In base 3, what is -1120 + -2200202021?
-2200210211
In base 10, what is -2 + 2549853?
2549851
In base 16, what is 6899d + -1df?
687be
In base 3, what is 221021 - 1112112011?
-1111120220
In base 10, what is -7 - -1218583?
1218576
In base 15, what is -17c4746 + 2?
-17c4744
In base 4, what is -1002200201333 + 11?
-1002200201322
In base 5, what is -2 - 2422322?
-2422324
In base 6, what is 2155 - -532110?
534305
In base 4, what is -2001231 + 23?
-2001202
In base 11, what is -2 + 27589238?
27589236
In base 9, what is -20418 - 80?
-20508
In base 11, what is 86 - -12272?
12348
In base 12, what is 1a5860 - -5?
1a5865
In base 8, what is 17745 - -3400?
23345
In base 12, what is 7982 + 18a10?
24792
In base 2, what is 111111001010101 + -10010110?
111110110111111
In base 4, what is 13 - 13330110330131?
-13330110330112
In base 5, what is 13 + -2124401411?
-2124401343
In base 13, what is 24846 + 225a?
26aa3
In base 16, what is -2596f + f8?
-25877
In base 6, what is -2333411255 + 10?
-2333411245
In base 15, what is adb7603 + -2?
adb7601
In base 16, what is 4 + b22caa?
b22cae
In base 6, what is -353252320 - -31?
-353252245
In base 10, what is -5 + -3804755?
-3804760
In base 10, what is 1794 - 2318?
-524
In base 10, what is 5402 + -98?
5304
In base 15, what is 2e + aeb?
b2a
In base 10, what is 227943721 + 1?
227943722
In base 14, what is 2 - 1aa509a4?
-1aa509a2
In base 8, what is -40 - 73172?
-73232
In base 6, what is 1 - -325021541?
325021542
In base 6, what is 12 - 5451212331?
-5451212315
In base 12, what is -3808a48 + 1?
-3808a47
In base 6, what is 413355 + 155?
413554
In base 4, what is -121 - 30221311?
-30222032
In base 15, what is -20 - -4c65e?
4c63e
In base 3, what is 100011010120 + 1112122?
100012200012
In base 13, what is -15 - -399ba?
399a5
In base 14, what is -12093 - -7a?
-12017
In base 11, what is -613 - 447?
-a5a
In base 15, what is 0 - -1080bd84?
1080bd84
In base 15, what is -1751397 + 0?
-1751397
In base 6, what is -10 + -52044102?
-52044112
In base 16, what is -e - 244f0a?
-244f18
In base 9, what is -34114053 + 1?
-34114052
In base 9, what is 335648 + -81?
335557
In base 8, what is 224073 - -22?
224115
In base 11, what is 4 - 977796?
-977792
In base 11, what is -21057 - -10613?
-10544
In base 9, what is -2542576 - -382?
-2542184
In base 13, what is -a - -3684b?
36841
In base 14, what is 104 - 6d76?
-6c72
In base 6, what is 2 - 110203012?
-110203010
In base 5, what is -30014204 + 220?
-30013434
In base 12, what is -1bb494 + 1?
-1bb493
In base 14, what is -c01 - -2cdd?
20dc
In base 16, what is 5 - 763318?
-763313
In base 10, what is 373744 + -2467?
371277
In base 4, what is -3003111112 - 10?
-3003111122
In base 13, what is 1b4 + 9?
1c0
In base 15, what is 82 - 5d1ca?
-5d148
In base 2, what is -10000000101 + 101111100001?
11111011100
In base 10, what is -6006 + -3377?
-9383
In base 14, what is 33d1d4b2 - -5?
33d1d4b7
In base 14, what is -6251499 - -5?
-6251494
In base 13, what is -587c + 2872?
-300a
In base 8, what is 204 + 1343717?
1344123
In base 16, what is e + 3c69aa6?
3c69ab4
In base 9, what is -6 - 63260510?
-63260516
In base 15, what is d22d - -c3?
d301
In base 7, what is 134 + -632364?
-632230
In base 12, what is 7 + -59b673?
-59b668
In base 2, what is -100110111011010 + -100010010?
-100111011101100
In base 5, what is -2044033411 - -342?
-2044033014
In base 6, what is 102332 - 51502?
10430
In base 12, what is a2a325a - -1b?
a2a3279
In base 8, what is 224000 + 6017?
232017
In base 7, what is 2543324 + 25?
2543352
In base 13, what is 107a390 - -6?
107a396
In base 5, what is 2032000104 + -24?
2032000030
In base 13, what is 425236 - -6?
42523c
In base 16, what is -1c - -2c291?
2c275
In base 3, what is 2220101202002011 - 20?
2220101202001221
In base 8, what is 3021557 - 16?
3021541
In base 10, what is 125 - 11441?
-11316
In base 7, what is 1 + -5531034?
-5531033
In base 10, what is 14066 + -597?
13469
In base 7, what is -24311643 + 1?
-24311642
In base 5, what is -1214 + -4103003?
-4104222
In base 6, what is -2210215515 - 2?
-2210215521
In base 10, what is -9877 - 2556?
-12433
In base 16, what is -2d65 + -1ee?
-2f53
In base 2, what is 101000010111111010011100111 - 100?
101000010111111010011100011
In base 12, what is 10 - 79babb?
-79baab
In base 7, what is -1450343156 + -12?
-1450343201
In base 15, what is -8e + c6c7?
c638
In base 14, what is 2 - 3036b3?
-3036b1
In base 12, what is -a - 9796277?
-9796285
In base 8, what is -1 - -41100?
41077
In base 8, what is 717 - -7072227?
7073146
In base 2, what is 101000011100110100100 - -101?
101000011100110101001
In base 13, what is -501b - 1278?
-6296
In base 7, what is 5 - -31455213?
31455221
In base 14, what is -11 + -15204?
-15215
In base 10, what is -3762713 - 1?
-3762714
In base 14, what is -19 - 52d5995?
-52d59b0
In base 6, what is -411334 + 15532?
-351402
In base 11, what is 110 - 4a1542?
-4a1432
In base 15, what is -cc + 851565?
851488
In base 16, what is 2e6b75d + a?
2e6b767
In base 2, what is -10001100 + 1000001010111010001?
1000001010101000101
In base 9, what is 3371 - -84022?
87403
In base 13, what is 556 + 602?
b58
In base 11, what is -3346551 + 7?
-3346545
In base 13, what is 6458b + 4?
64592
In base 9, what is 22588274 + 3?
22588277
In base 13, what is 1ba - -115c30?
11611a
In base 10, what is -1508 + -93966?
-95474
In base 3, what is -1 + -221102100120111112?
-221102100120111120
In base 9, what is 686201 - 33?
686157
In base 12, what is 5164 - 18a5b?
-138b7
In base 6, what is -1 + 11302221431?
11302221430
In base 4, what is -121312 - 3131?
-131103
In base 6, what is 124515 - 1300?
123215
In base 14, what is -202ba68 - 1?
-202ba69
In base 8, what is 23077 + -724?
22153
In base 3, what is 1111001210021 - -212022?
1111002122120
In base 10, what is -521378 + 1492?
-519886
In base 4, what is -32022213 - 3111?
-32031330
In base 8, what is 30 - -5154066?
5154116
In base 11, what is -8345188 + 1?
-8345187
In base 4, what is -110 - 2320203032300?
-2320203033010
In base 16, what is 2 + -268cd2b?
-268cd29
In base 7, what is 1 + 4100012610?
4100012611
In base 2, what is -10010001010110111111 - 11101100?
-10010001011010101011
In base 13, what is -80c9918 + -5?
-80c9920
In base 8, what is -2 + 2340535?
2340533
In base 16, what is -125 - -1281a?
126f5
In base 16, what is -4d1328 - 1a?
-4d1342
In base 11, what is 138a412a - 2?
138a4128
In base 16, what is -6 - 3dac4?
-3daca
In base 2, what is -101 - 10110101100000111101?
-10110101100001000010
In base 3, what is -11 - -21112210220?
21112210202
In base 15, what is 30c2b - 1b1?
30a6a
In base 12, what is -6 - 10625b1?
-10625b7
In base 2, what is -101101001 + -10000110001110011?
-10000110111011100
In base 3, wh